(b).
4
Suppose 5*y = 3*h - 60, -5*y - h = 60 - 20. Let u = -6 - y. Let g(m) = -4*m**2 - 158 + 80 + 77 + m**3 + 3*m. Give g(u).
-1
Let p(b) = 60*b**2 - 62*b**2 - 3*b + 2*b. Calculate p(2).
-10
Let s(t) be the second derivative of t**3/6 - t**2/2 - 3*t. Let a(j) = 4*j - 7. Let r be (-4 + 3)/((-2)/12). Let k(h) = r*s(h) - a(h). What is k(1)?
3
Suppose -5*r - 134 + 44 = 0. Let y be (-3)/r*-2*-9. Let k(b) = -4*b - 3*b**3 + 5*b**3 - 2*b**2 + 2 - b**y. Give k(3).
-1
Suppose -5 = -5*c + 5. Let z(j) = -j**2 + 2*j - 2. Calculate z(c).
-2
Let m(d) = 4*d - 3. Let p(a) = a**3 + a**2 + 22*a - 16. Let s(j) = -11*m(j) + 2*p(j). Determine s(-2).
-7
Let j(m) = m**2 + 5*m. Let g be j(-4). Let x = 4 - 2. Let o(l) = -3 + 0*l**2 + l**2 + 5*l + 0*l**x + 0*l**2. Give o(g).
-7
Suppose -3*a + 1 = -4*a. Let l = a - -6. Let x(q) = -6*q**2 + 4*q - 3*q + q**3 + 7 + 4*q. Determine x(l).
7
Let t(x) be the second derivative of -2/3*x**3 + 1/2*x**2 + 7*x + 1/12*x**4 + 0. Determine t(6).
13
Suppose -25 = 5*o - 0*o. Let u(r) = 1 - 2 - 3*r + 5*r. Let y(m) = 2*m. Let s(h) = -4*u(h) + 5*y(h). What is s(o)?
-6
Let o(j) = -j - 2. Let h be (-3)/(-6)*(-1 + 1). Determine o(h).
-2
Let h(y) = y**3 - 4*y**2 + 2*y + 3. Let d be h(4). Let j = -11 + d. Let t(x) = -2*x**2 + 3 + 2 + x**2 + x. Calculate t(j).
5
Let s(k) = -4*k - 4*k + 0 + 3 - k**2. Let t(z) = z - 1. Let y(w) = -s(w) - 5*t(w). Give y(-4).
6
Let k(w) = -3*w**3 + 7*w**2 - 5*w + 7. Let j(r) = -2*r**3 + 4*r**2 - 3*r + 4. Let h(x) = -7*j(x) + 4*k(x). Calculate h(1).
3
Suppose 30 = 5*k - p, 0*k - 2*k - 2*p = 0. Suppose 0 = -3*m + 9 - 0. Suppose 0 = r - k + m. Let h(n) = 2*n**2 - 4*n + 2. What is h(r)?
2
Let i(r) = r + 1. Let u(y) = -y**2 + 7*y - 7. Let h be u(5). Suppose -4*a + 0*a = 4*g - 20, -h*g - a + 5 = 0. Suppose g*n + n = 0. Determine i(n).
1
Let p(i) = -9*i**2 + 4*i**2 - 5*i + i**3 + 3*i. Give p(5).
-10
Suppose 6*a = 4*a. Let c(z) = 0 + z - 4 - 3 + 6. Let l be c(a). Let j(g) = -g**3 - g - 1. Give j(l).
1
Let k(b) be the third derivative of -b**5/60 + 5*b**4/24 + b**3 - 10*b**2. Calculate k(5).
6
Let m(z) = 5*z**3. Suppose 5*k + 0*k - 4*g + 21 = 0, -2*k + 4*g = 18. Determine m(k).
-5
Let q(a) = -8*a + 1 - 9*a**2 - 6 + 8*a**2 + 2*a**2. Calculate q(6).
-17
Let l(n) = -n**3 + 2*n**2 + 2. Let a(t) = -t**2 + 8*t + 4. Let k be a(8). Suppose -4*m = -6*m + d + k, -3*m + 3 = -3*d. Calculate l(m).
-7
Let g(v) = 2*v + 10. Let b(n) = -n - 3. Let y(m) = -8*b(m) - 3*g(m). Let s = -8 - 6. Let l = s + 20. Determine y(l).
6
Let a(k) be the third derivative of k**6/120 - k**5/30 - 24*k**2. Determine a(1).
-1
Suppose 2*x = x. Suppose x = 4*i - 22 + 2. Let c(n) = n - 1. Determine c(i).
4
Let k be -2 - -2*9/6. Let w(f) be the third derivative of 2*f**2 + 1/24*f**4 + 0*f + 0*f**3 - 1/30*f**5 + 1/30*f**6 + 0. Calculate w(k).
3
Let l be (4 - 5)/(-3*2/(-18)). Let y(o) = o**3 + o**2 - 3*o - 2. Calculate y(l).
-11
Suppose 0 = -y + 5*l - 0*l + 27, -3*l = 3*y + 9. Suppose -y*q - 15 = -7*q. Let d(o) = -1 - 6*o + 3*o + 6*o. What is d(q)?
8
Let n(x) = 35*x**3 - 11*x**2 + 10*x - 16. Let r(q) = -7*q**3 + 2*q**2 - 2*q + 3. Let s(v) = -2*n(v) - 11*r(v). What is s(1)?
8
Let v(y) = -3*y + 4. Suppose 2*k + 17 = -2*s - k, -2*s = -4*k + 24. Let o(a) = -2*a. Let q be o(-1). Let i be 5/q*(-12)/s. What is v(i)?
-5
Let x(s) = 4*s + 6. Let o(u) = u. Let y(j) = -3*o(j) + x(j). Suppose -3*n - 20 = n. What is y(n)?
1
Let c(b) be the first derivative of 1/2*b**2 + 0*b + 1. Determine c(-5).
-5
Let m(a) = -a - 1. Let z be 16/(-72) + 40/18. Suppose -q = 1 - z. Calculate m(q).
-2
Suppose 3*k + h + 0 = 1, h + 9 = 2*k. Let w(a) = 1 - 5*a + k*a - 6*a + 2*a - a**2. Calculate w(-6).
7
Suppose -2*t + 3*i + 3 = 1, 12 = -3*i. Let f(o) = -o - 3*o + 5*o. What is f(t)?
-5
Let y(g) = g**2 + 7*g + 8. Let m be y(-6). Let d(w) = 2 + 0*w**m + w**2 + 0 + 3 - 4*w. Calculate d(5).
10
Let g(k) = 4 - 2 - 2*k**2 + k**2. Let i(w) = 1 - w - 2*w + w + 4. Let o be i(4). Give g(o).
-7
Let n(o) be the first derivative of -1/3*o**3 - 1 - o + 1/2*o**2. Let t be 0*2/(-4) - 0. What is n(t)?
-1
Let x(l) be the first derivative of -3/2*l**2 + 7*l + 2 + 1/4*l**4 - 5/3*l**3. Give x(5).
-8
Let c(a) be the first derivative of -1/2*a**2 + a + 8. Suppose 5*h = h - 8. What is c(h)?
3
Suppose 10 = 2*c + 2. Let g(s) = s**3 + 5*s**2 - 5*s + 8. Let n be g(-6). Let q(v) = -2*v**2 + 3*v + 3*v**n + c + 6*v - 4*v. Determine q(-5).
4
Let b(n) = -3*n - n - n. Let h be b(-1). Suppose -h*u = -u. Let a(v) = v - 6. Calculate a(u).
-6
Let s = 11 + -3. Suppose -4*o = g - 30 + s, -o + 7 = g. Let y(j) be the second derivative of j**5/20 - j**4/2 + 2*j**3/3 + j**2 + 18*j. Calculate y(o).
-3
Let k be 4 + (-21)/6 + (-2)/12. Let g(t) be the third derivative of 0*t - 4*t**2 + 0 + 1/24*t**4 + 1/60*t**5 + k*t**3. Calculate g(0).
2
Let y(c) = -3*c + 1. Let o(u) be the third derivative of -u**4/6 + u**3/6 + 5*u**2. Suppose -6 = -t - t. Let z(p) = t*y(p) - 2*o(p). Give z(5).
-4
Let d(t) be the third derivative of t**5/60 - t**4/8 + t**3/2 - 7*t**2 + 3*t. Let u(p) = p**2 + p + 2. Let c be u(-2). What is d(c)?
7
Let z(c) = 4 + 31*c**2 + 31*c**2 - 61*c**2. Give z(3).
13
Suppose 3*a - 31 = -5*b + 1, -2*b - 2*a = -16. Let z(m) = -m - b + 1 + 5. What is z(0)?
2
Let c(u) be the second derivative of u**4/6 + u**3/6 + 6*u. Let g be (2/(-5))/((-5)/(-25)). Calculate c(g).
6
Let g(h) be the third derivative of -h**6/120 - h**5/15 - h**4/12 + h**3/3 + 37*h**2. Calculate g(-3).
-1
Let v(q) be the first derivative of -q**4/4 - 2*q**3 - 7*q**2/2 - 4*q + 3. Calculate v(-5).
6
Suppose 7 = 3*l - 17. Let o(i) = i**2 - 9*i + 10. Let b be o(l). Let g(v) = -v**2 + 2*v**2 - v + 0*v**b - 2. Determine g(2).
0
Let d(x) = -x**2 + 2*x + 2. Let f = 10 + -7. Let r be d(f). Let b(n) = -7*n**2 + 1. What is b(r)?
-6
Suppose -2*i - 12 = -r + 2, 14 = 5*r + 4*i. Let w(v) = 4*v**2 - r*v**2 - v**2 + 4*v**2 + 6*v + 1. What is w(-5)?
-4
Let u(b) = b**2 + 5*b + 5. Suppose g - 5 = t, -5*t + 7*g - 25 = 4*g. Let l = 1 + t. Determine u(l).
1
Suppose -5*q = -2*s - 36, 6*s + 21 = q + s. Suppose o + 3 = u - 0*u, 4*o - q = -5*u. Let l(y) = 0 + 3 - 4 + y. Give l(o).
-2
Let z(o) = -o**2 - 6. Suppose -5*v - 12 - 18 = 0. Let j(n) = n**2 + 5*n - 6. Let i be j(v). What is z(i)?
-6
Let j = 22 + -16. Let s = j - 1. Let z(h) = 3*h - 6. Calculate z(s).
9
Let c(a) = -a**3 + 7*a**2 - a + 1. Let l be 136/20 + 2/10. Let f be c(l). Let p(z) = -z**3 - 7*z**2 - 6*z. Let w be p(f). Let t(x) = -x. Give t(w).
0
Let k(a) be the first derivative of -a**3 + a + 4. Give k(-1).
-2
Suppose t - 5 = -2*x, 2*t + 20 = -5*x + 6*t. Let i be x/(-2) + 0 + -2. Let w = -2 - i. Let p(m) = -m**2 - m - 8. What is p(w)?
-8
Suppose -25 = -2*r - m + 6*m, r - 5*m = 25. Let j(z) = 3*z**2 + z - 4. Let o(f) = 4*f**2 + f - 3. Let h(q) = -3*j(q) + 2*o(q). Determine h(r).
6
Let b be (-6 + -1)/(0 - 1). Let v(f) = f**3 + f**2 + 4*f - 5. Let u(q) = -q**3 - 2*q**2 - 4*q + 5. Let j(o) = b*v(o) + 6*u(o). Calculate j(4).
-5
Let y(a) be the first derivative of a**3/3 - 7*a**2/2 + 3*a + 7. Calculate y(5).
-7
Let m(f) = -f**3 + 2*f**2 - 1. Let q be 8/(-6)*(-6)/4. Let t be m(q). Let h(k) = -6*k. What is h(t)?
6
Let k(u) = -5*u + 12*u + 3 - 11 + 7. Give k(1).
6
Let v(q) = 4 + 0*q + 0*q + q. Suppose 4*o = f + 19, 2*f + 1 = 4*o - 21. Calculate v(o).
8
Let n(r) = -3*r - 3. Let k(v) = -5*v - 6. Let l(h) = -4*k(h) + 7*n(h). Calculate l(-4).
7
Let p(a) = a - 3. Let i(c) = 3*c - 8. Let y(q) = 2*i(q) - 7*p(q). Give y(5).
0
Let z(v) = v - 4. Let b be z(5). Let l = b + -2. Let m(c) = -c**2 - c. Determine m(l).
0
Let s(i) = -4 + 1 + i**2 + 0*i**2 + i + 7 + i**3. Suppose -2*n - 3*n = 0. Determine s(n).
4
Let p be ((-2)/(-5))/((-2)/10). Let k = p - 2. Let w(m) = -m**2 - m + 2. Calculate w(k).
-10
Let y be 8/2*(-7)/2. Let x be y/(-8) - 1/(-4). Suppose 4*m - 8 = 3*n, 0 - x = -m. Let j(f) = -f**3 + f**2 + 7. What is j(n)?
7
Let k(g) = 5*g - 2*g + 3 + 3*g**2 - g**2. Let y(h) = -h - 10. Let f be y(-8). Give k(f).
5
Let w(z) = 2*z - 1 + z - 2*z - 4*z. Let h(y) = -y. Let c(t) = -2*h(t) + w(t). Give c(-4).
3
Let h(p) = 4*p + 2. Let s(g) = -6*g - 3. Let t(l) = 8*h(l) + 5*s(l). Suppose 0 = 2*r + 3*r - 5. Determine t(r).
3
Let v(b) = b + 10. Let n(j) = j**2 + 6*j - 9. Let r be n(-6). What is v(r)?
1
Let l(i) = 4*i - 10 + 10. Let k be l(1). Suppose 5*v = -0*v - 4*m + 2, -2*v - 